{"id":49156,"date":"2026-09-02T13:53:57","date_gmt":"2026-09-02T11:53:57","guid":{"rendered":"https:\/\/www.luigistudio.com\/es\/?post_type=product&#038;p=49156"},"modified":"2026-09-02T13:55:24","modified_gmt":"2026-09-02T11:55:24","slug":"secador-profesional-ghd-helios-pink","status":"publish","type":"product","link":"https:\/\/www.luigistudio.com\/es\/secador-profesional-ghd-helios-pink\/","title":{"rendered":"Secador profesional GHD HELIOS PINK"},"content":{"rendered":"<p><strong>Reduce dr\u00e1sticamente el tiempo de secado gracias a la tecnolog\u00eda Aeroprecis.<\/strong><br \/>\nDesarrollado por el equipo de ingenieros, f\u00edsicos y estilistas de ghd, el secador profesional ghd helios azul proporciona resultados de sal\u00f3n y un cabello un 30% m\u00e1s brillante. Incorpora la avanzada tecnolog\u00eda Aeroprecis que combina un interior de dise\u00f1o aerodin\u00e1mico y una boquilla de precisi\u00f3n para concentrar el potente flujo de aire y as\u00ed aumentar el control de su caudal. Revoluciona tu rutina de peinado y reduce dr\u00e1sticamente el tiempo de secado.<br \/>\n<strong>Secador de pelo para eliminar el frizz.<\/strong><br \/>\nghd helios est\u00e1 dise\u00f1ado no s\u00f3lo para garantizar resultados profesionales sino tambi\u00e9n para que su uso sea c\u00f3modo y sencillo: un cuerpo de dise\u00f1o ergon\u00f3mico y un peso reducido lo hacen muy f\u00e1cil de utilizar. Adem\u00e1s olv\u00eddate del encrespamiento y de los cabellos sueltos y consigue un pelo visiblemente m\u00e1s suave y m\u00e1s brillante gracias a su tecnolog\u00eda i\u00f3nica que garantiza una alineaci\u00f3n del cabello 3 veces mayor.<\/p>\n","protected":false},"excerpt":{"rendered":"<p><strong>Secador profesional ghd Helios rosa pastel.<\/strong><br \/>\nDurante m\u00e1s de dos d\u00e9cadas, el rosa ha sido mucho m\u00e1s que un color para ghd: ha sido un compromiso. El c\u00e1ncer de mama afecta a millones de personas en todo el mundo y, desde hace 23 a\u00f1os, nuestra colecci\u00f3n Pink muestra su apoyo a esta causa. Por cada producto de la colecci\u00f3n Pink, ghd colabora con la fundaci\u00f3n Fero para apoyar proyectos de investigaci\u00f3n contra el c\u00e1ncer de mama.<br \/>\nEste a\u00f1o, el secador profesional ghd Helios se une a esta especial colecci\u00f3n, dise\u00f1ado en un elegante color rosa pastel.<\/p>\n","protected":false},"featured_media":49157,"template":"","meta":{"_seopress_titles_title":"","_seopress_titles_desc":"","_seopress_robots_index":"","_seopress_robots_follow":"","_seopress_robots_imageindex":"","_seopress_robots_snippet":"","_seopress_robots_primary_cat":"","_seopress_robots_breadcrumbs":"","_seopress_robots_freeze_modified_date":"","_seopress_robots_custom_modified_date":"","_seopress_robots_canonical":"","_seopress_social_fb_title":"","_seopress_social_fb_desc":"","_seopress_social_fb_img":"","_seopress_social_fb_img_attachment_id":0,"_seopress_social_fb_img_width":0,"_seopress_social_fb_img_height":0,"_seopress_social_twitter_title":"","_seopress_social_twitter_desc":"","_seopress_social_twitter_img":"","_seopress_social_twitter_img_attachment_id":0,"_seopress_social_twitter_img_width":0,"_seopress_social_twitter_img_height":0,"_seopress_redirections_value":"","_seopress_redirections_enabled":"","_seopress_redirections_enabled_regex":"","_seopress_redirections_logged_status":"","_seopress_redirections_param":"","_seopress_redirections_type":0,"_seopress_analysis_target_kw":"","_seopress_news_disabled":"","_seopress_video_disabled":"","_seopress_video":[],"_seopress_pro_schemas_manual":[],"_seopress_pro_rich_snippets_disable_all":"","_seopress_pro_rich_snippets_disable":[],"_seopress_pro_schemas":[]},"product_brand":[],"product_cat":[23,162,241,21],"product_tag":[],"class_list":["post-49156","product","type-product","status-publish","has-post-thumbnail","product_cat-ghd-collection","product_cat-ghd","product_cat-rebajas","product_cat-secadores","first","instock","sale","taxable","shipping-taxable","purchasable","product-type-simple"],"_links":{"self":[{"href":"https:\/\/www.luigistudio.com\/es\/wp-json\/wp\/v2\/product\/49156","targetHints":{"allow":["GET"]}}],"collection":[{"href":"https:\/\/www.luigistudio.com\/es\/wp-json\/wp\/v2\/product"}],"about":[{"href":"https:\/\/www.luigistudio.com\/es\/wp-json\/wp\/v2\/types\/product"}],"version-history":[{"count":1,"href":"https:\/\/www.luigistudio.com\/es\/wp-json\/wp\/v2\/product\/49156\/revisions"}],"predecessor-version":[{"id":49161,"href":"https:\/\/www.luigistudio.com\/es\/wp-json\/wp\/v2\/product\/49156\/revisions\/49161"}],"wp:featuredmedia":[{"embeddable":true,"href":"https:\/\/www.luigistudio.com\/es\/wp-json\/wp\/v2\/media\/49157"}],"wp:attachment":[{"href":"https:\/\/www.luigistudio.com\/es\/wp-json\/wp\/v2\/media?parent=49156"}],"wp:term":[{"taxonomy":"product_brand","embeddable":true,"href":"https:\/\/www.luigistudio.com\/es\/wp-json\/wp\/v2\/product_brand?post=49156"},{"taxonomy":"product_cat","embeddable":true,"href":"https:\/\/www.luigistudio.com\/es\/wp-json\/wp\/v2\/product_cat?post=49156"},{"taxonomy":"product_tag","embeddable":true,"href":"https:\/\/www.luigistudio.com\/es\/wp-json\/wp\/v2\/product_tag?post=49156"}],"curies":[{"name":"wp","href":"https:\/\/api.w.org\/{rel}","templated":true}]}}

<p><strong>Reduce drásticamente el tiempo de secado gracias a la tecnología Aeroprecis.</strong><br />
Desarrollado por el equipo de ingenieros, físicos y estilistas de ghd, el secador profesional ghd helios azul proporciona resultados de salón y un cabello un 30% más brillante. Incorpora la avanzada tecnología Aeroprecis que combina un interior de diseño aerodinámico y una boquilla de precisión para concentrar el potente flujo de aire y así aumentar el control de su caudal. Revoluciona tu rutina de peinado y reduce drásticamente el tiempo de secado.<br />
<strong>Secador de pelo para eliminar el frizz.</strong><br />
ghd helios está diseñado no sólo para garantizar resultados profesionales sino también para que su uso sea cómodo y sencillo: un cuerpo de diseño ergonómico y un peso reducido lo hacen muy fácil de utilizar. Además olvídate del encrespamiento y de los cabellos sueltos y consigue un pelo visiblemente más suave y más brillante gracias a su tecnología iónica que garantiza una alineación del cabello 3 veces mayor.</p>

<p><strong>Secador profesional ghd Helios rosa pastel.</strong><br />
Durante más de dos décadas, el rosa ha sido mucho más que un color para ghd: ha sido un compromiso. El cáncer de mama afecta a millones de personas en todo el mundo y, desde hace 23 años, nuestra colección Pink muestra su apoyo a esta causa. Por cada producto de la colección Pink, ghd colabora con la fundación Fero para apoyar proyectos de investigación contra el cáncer de mama.<br />
Este año, el secador profesional ghd Helios se une a esta especial colección, diseñado en un elegante color rosa pastel.</p>
